(5).
-44
Let d(q) = 12*q - 18. Give d(5).
42
Let q(g) = g**3 - 2*g**2 + 14*g - 33. Calculate q(3).
18
Let o(w) = -2*w**2 + 13*w - 4. Determine o(9).
-49
Let z(s) = -3*s**2 + 5*s - 3. Give z(3).
-15
Let s(d) = d**2 - 16*d - 41. Determine s(18).
-5
Let b(t) = -22*t + 25. Calculate b(2).
-19
Let h(v) = -v**2 - 3*v + 3. What is h(-3)?
3
Let g(b) = -b**3 + 12*b**2 - 12*b + 7. Calculate g(11).
-4
Let u(b) = -b**3 - 17*b**2 - 15*b - 3. Determine u(-16).
-19
Let g(b) = -41*b + 3281. What is g(80)?
1
Let w(f) = f**2 - 3*f - 10. Determine w(7).
18
Let h(c) = -28*c + 1. What is h(1)?
-27
Let h(a) = -a**3 + 8*a**2 - 10*a - 7. What is h(6)?
5
Let u(j) = -11*j - 36. What is u(-10)?
74
Let g(a) = 3*a**2 - 24*a + 44. Calculate g(6).
8
Let z(u) = u**3 + 52*u**2 - 114*u - 327. Give z(-54).
-3
Let j(o) = 3*o**2 + 44*o + 29. What is j(-13)?
-36
Let k(l) = -4*l**2 + 4*l + 3. Give k(-1).
-5
Let i(b) = -b + 6. Determine i(7).
-1
Let g(t) = -6*t**2 + 159*t + 90. Give g(27).
9
Let x(z) = -z**2 - 9*z - 5. Calculate x(5).
-75
Let u(j) = -2*j + 1. Calculate u(-8).
17
Let w(d) = 3*d**2 - 66*d + 49. Determine w(21).
-14
Let f(z) = z**2 - 25*z + 11. Give f(23).
-35
Let g(b) = b**2 + 10*b + 6. Determine g(-7).
-15
Let k(s) = -4*s**2 - 12*s + 46. Determine k(3).
-26
Let w(u) = u**2 + 32*u + 105. Determine w(-28).
-7
Let d(m) = m**3 + 2*m**2. Give d(-2).
0
Let p(o) = 6*o + 19. What is p(-6)?
-17
Let r(k) = -k**3 + 2*k**2 + 7*k + 22. Determine r(5).
-18
Let t(w) = -2*w**2 - 39*w - 44. Calculate t(-18).
10
Let y(i) = -5*i**2 - 5*i - 1. Calculate y(-2).
-11
Let p(w) = -7*w**2 + 13*w - 2. Give p(2).
-4
Let j(y) = 4*y - 1. Determine j(2).
7
Let y(i) = -10*i + 30. Determine y(4).
-10
Let h(x) = -x**2 - 17*x - 15. Give h(-13).
37
Let j(d) = -d**3 - 6*d**2 + 17*d - 8. Give j(-8).
-16
Let n(c) = -c**3 + 11*c**2 + 13*c + 4. Give n(12).
16
Let y(n) = -2*n**3 + 6*n**2 - 13*n + 6. What is y(4)?
-78
Let a(r) = r**2 - 11*r + 2. What is a(12)?
14
Let y(o) = -9*o - 4. Determine y(-1).
5
Let y(s) = -s**3 - 6*s**2 + 4*s + 6. What is y(-5)?
-39
Let z(a) = a**3 - 16*a**2 - 19*a + 23. What is z(17)?
-11
Let x(f) = -2*f**2 - 14*f + 4. Calculate x(-8).
-12
Let h(n) = -n**3 + 11*n**2 - 7*n + 1. Give h(8).
137
Let s(x) = -x**2 - 19*x - 73. Calculate s(-14).
-3
Let y(j) = -3*j - 14. What is y(-6)?
4
Let k(b) = b + 2. What is k(-4)?
-2
Let y(w) = -w + 25. Give y(0).
25
Let r(u) = -u**3 + 10*u - 13. Calculate r(3).
-10
Let s(u) = -u**2 - 18*u + 5. What is s(-17)?
22
Let i(t) = 2*t**3 + 99*t**2 + 50*t + 61. Give i(-49).
12
Let m(p) = p**2 - p - 3. What is m(0)?
-3
Let j(d) = d**3 - 5*d**2 - 7. Calculate j(5).
-7
Let q(z) = -39*z - 5. Calculate q(1).
-44
Let o(x) = 3*x**2 - 9*x + 7. Determine o(3).
7
Let s(l) = 2*l**2 + 15*l - 5. Calculate s(-7).
-12
Let k(y) = -2*y - 7. What is k(-3)?
-1
Let c(f) = -2*f - 14. Calculate c(-6).
-2
Let h(y) = 8*y**3 + y**2 - 3*y - 2. Give h(-2).
-56
Let h(o) = o**3 + 12*o**2 + 13*o + 16. Give h(-10).
86
Let w(d) = -d - 1. Calculate w(7).
-8
Let c(m) = 18*m**2 - 304*m - 34. What is c(17)?
0
Let j(u) = -u**3 + 8*u**2 - 12*u + 11. What is j(7)?
-24
Let y(m) = -2*m**3 - m**2 + 3*m + 3. Determine y(-2).
9
Let z(j) = -2*j + 12. What is z(6)?
0
Let x(y) = -y**2 + 9*y + 177. What is x(-9)?
15
Let c(z) = z**3 + 25*z**2 - z - 26. Give c(-25).
-1
Let y(p) = p**3 + 2*p**2 - 8*p + 7. What is y(-5)?
-28
Let n(m) = -4*m - 27. Give n(-12).
21
Let b(v) = v**2 + 34*v + 165. Determine b(-6).
-3
Let d(o) = -9*o + 2. Determine d(7).
-61
Let z(m) = m**2 + 10*m + 7. What is z(-9)?
-2
Let z(h) = h**3 + 5*h**2 - 16*h - 84. Determine z(-6).
-24
Let q(v) = v + 34. Calculate q(-11).
23
Let g(y) = y**3 + 13*y**2 - 4*y - 17. Calculate g(-13).
35
Let j(i) = -i**3 + 13*i**2 - 15*i - 3. What is j(11)?
74
Let q(c) = 2*c + 27. Give q(0).
27
Let y(w) = 119*w**3 - w**2 + w - 1. Calculate y(1).
118
Let u(c) = -c**3 - 11*c**2 - 15*c + 15. What is u(-9)?
-12
Let m(c) = -c**2 - 2. Give m(-3).
-11
Let j(v) = 2*v**3 + 6*v**2 - 3*v. Give j(-4).
-20
Let r(v) = 3*v**2 + 5*v - 4. Calculate r(3).
38
Let n(s) = -s**2 - 7*s. Determine n(-6).
6
Let g(n) = -21*n**2 + n. Determine g(1).
-20
Let v(s) = 34*s - 14. What is v(3)?
88
Let c(z) = z**3 - 11*z**2 + 10*z - 17. Calculate c(10).
-17
Let b(h) = 4*h**2 + h + 1. What is b(-1)?
4
Let y(u) = 32*u. Determine y(1).
32
Let i(c) = -2*c**2 + 10*c + 21. Give i(7).
-7
Let y(q) = q**2 - 5*q - 23. Give y(9).
13
Let u(f) = -f + 37. Calculate u(-21).
58
Let c(g) = -2*g**3 + 10*g**2 + 11*g + 4. Determine c(6).
-2
Let n(g) = 9*g + 3. Give n(3).
30
Let w(u) = 3*u**2 - 18*u + 16. Calculate w(5).
1
Let a(u) = 5*u**2 - 2*u - 1. What is a(-1)?
6
Let z(u) = 2*u**2 + 9*u + 19. Determine z(-2).
9
Let b(f) = -f**2 + 2*f + 8. Calculate b(-3).
-7
Let p(y) = 2*y**2 - 4*y - 9. Calculate p(5).
21
Let y(a) = 2*a + 47. Determine y(-24).
-1
Let a(r) = r**3 - 3. What is a(0)?
-3
Let c(d) = -2*d - 25. What is c(-9)?
-7
Let d(k) = -12*k - 3. Calculate d(2).
-27
Let v(l) = 14*l + 303. What is v(-21)?
9
Let u(b) = b**2 + 11*b - 14. Determine u(-9).
-32
Let h(g) = 5*g - 147. Calculate h(28).
-7
Let c(g) = -3*g + 38. What is c(17)?
-13
Let f(x) = -3*x**2 + 234*x - 15. Give f(78).
-15
Let i(a) = -4*a**2 + 5*a - 4. What is i(1)?
-3
Let r(s) = 4*s**2 + 27*s - 10. Give r(-7).
-3
Let q(p) = 2*p**2 - 9*p + 11. Calculate q(5).
16
Let w(l) = l**2 - 4*l - 60. What is w(10)?
0
Let m(f) = -15*f + 68. What is m(9)?
-67
Let g(b) = 4*b + 56. Give g(-11).
12
Let o(s) = -s**3 + 9*s**2 + 6*s + 45. Determine o(10).
5
Let s(j) = 17*j - 1. Give s(-3).
-52
Let b(o) = -41*o. Give b(1).
-41
Let j(k) = 5*k**3 + 2*k**2 - k - 1. Calculate j(2).
45
Let i(g) = g**3 - 5*g**2 - 7*g + 25. Give i(6).
19
Let q(k) = 3*k - 13. What is q(4)?
-1
Let v(f) = -f**2 + 7*f + 3. What is v(5)?
13
Let r(m) = -14*m - 58. Calculate r(-6).
26
Let d(o) = -17*o - 7. Give d(7).
-126
Let q(y) = -y - 12. Give q(-18).
6
Let v(k) = k**3 + 7*k**2 - 3*k + 25. What is v(-7)?
46
Let y(k) = -7*k + 370. Determine y(54).
-8
Let y(k) = 6*k**2 - 4*k + 14. Calculate y(4).
94
Let u(x) = 2*x**2 + 1. Give u(-1).
3
Let f(w) = -3*w**2 + 4*w + 10. Give f(-2).
-10
Let p(h) = -23*h - 8. Give p(-2).
38
Let i(t) = t**3 + 12*t**2 - t - 5. Determine i(-12).
7
Let c(d) = -d**3 - 17*d**2 + 2*d + 36. What is c(-17)?
2
Let j(o) = -22*o + 240. Give j(11).
-2
Let z(y) = -y**3 + 7*y**2 + 2*y - 1. Determine z(7).
13
Let c(m) = m**3 + 40*m**2 - 39*m + 94. What is c(-41)?
12
Let m(h) = -28*h + 246. What is m(9)?
-6
Let c(x) = x**3 - 4*x**2 + 2*x - 1. Calculate c(3).
-4
Let c(g) = -3*g + 11. Determine c(10).
-19
Let n(z) = z**3 - 8*z**2 + 7*z + 2. Give n(7).
2
Let w(j) = -j**2 - j + 1. Calculate w(5).
-29
Let g(k) = k - 9. What is g(15)?
6
Let b(h) = -13*h + 7. Give b(9).
-110
Let f(a) = a**3 - 4*a**2 + a - 36. What is f(5)?
-6
Let n(p) = 2*p + 33. Determine n(0).
33
Let t(b) = 17*b**2 + 2*b + 1. Determine t(-1).
16
Let x(u) = -u**3 - 11*u**2 + 12*u + 2. Calculate x(-12).
2
Let b(w) = -w**2 - 9*w - 21. Give b(-6).
-3
Let m(f) = -6*f**2 + 3*f. Determine m(2).
-18
Let c(k) = 2*k**2 + 6*k + 4. Calculate c(-4).
12
Let r(p) = -3*p**3 - 22*p**2 - 9*p - 5. Determine r(-7).
9
Let x(p) = 7*p + 30. Calculate x(-7).
-19
Let p(j) = j**2 + 9. What is p(0)?
9
Let d(q) = -q**3 + 6*q**2 - 6*q + 2. Give d(3).
11
Let o(n) = -n**3 + 2*n**2 + 12*n - 7. What is o(5)?
-22
Let n(v) = -5*v**2 + v + 2. Give n(2).
-16
Let h(y) = y**3 - 7*y**2 + 5*y - 16. Calculate h(6).
-22
Let a(f) = -4*f**2 - 43*f. Give a(-11).
-11
Let k(l) = 10*l**3 - 2*l**2 + l. Give k(1).
9
Let u(r) = 20*r + 23. What is u(-1)?
3
Let r(a) = -11*a**2 + 2*a. What is r(2)?
-40
Let p(j) = 44*j + 423. Determine p(-10).
-17
Let v(c) = -c**3 + 6*c**2 + 3*c - 2. Give v(4).
42
Let c(j) = j + 2. Determine c(-8).
-6
Let o(i) = -i**3 - 6*i**2 + 16*i - 5. Give o(-8).
-5
Let q(f) = -f**3 + 12*f**2 + 15*f - 14. Calculate q(13).
12
Let q(s) = s**2 - 6*s - 4. Determine q(8).
12
Let o(t) = 3*t - 2. Determine o(5).
13
Let y(q) = 3*q**3 - 17*q**2 - 10*q + 15. What is y(6)?
-9
Let s(i) = -17*i**2 + i. Determine s(1).
-16
Let n(d) = d**2 + 18*d + 14. Give n(-13).
-51
Let f(v) = v**3 + 16*v**2 + 3*v + 45. Calculate f(-16).
-3
Let u(v) = -4*v + 51. Determine u(10).
11
Let r(n) = -n - 2. Calculate r(2).
-4
Let p(v) = 3*v**2 - v + 1. Determine p(5).
71
Let p(y) = y**3 - 31*y*